e the prime factors of n?
2, 7
Let s = -84 + 94. Suppose -s*d + 15*d = 830. List the prime factors of d.
2, 83
Let b(i) = -i**2 + 5*i - 2. Let w be b(5). Let h be (-1336)/(-10) - w/5. What are the prime factors of h/10 + 6/(-15)?
13
Let x(d) = -10*d**3 + 5*d**2 - 16*d + 3. What are the prime factors of x(-6)?
3, 271
Suppose 2*t + 189 = 5*t. Let k be t/(-18)*(-3 - -1). Suppose -3*u = -k + 1. What are the prime factors of u?
2
Suppose 0 = -46*j + 39*j + 2534. List the prime factors of j.
2, 181
Suppose -91688 + 31712 = -12*l. List the prime factors of l.
2, 3, 7, 17
Suppose -42*f - j = -38*f - 12510, -12516 = -4*f + 2*j. What are the prime factors of f?
2, 17, 23
Let t(o) = -o**3 - 6*o**2 + 4*o + 7. Let c be t(-7). Suppose c*g + 180 = 32*g. List the prime factors of g.
3, 5
Let d(w) = -w**2 - 36*w + 3221. What are the prime factors of d(0)?
3221
Suppose u - 2*r + 4 = 5*u, 3*u - 1 = -2*r. Suppose u*c = 3, -2*c - 166 - 34 = -v. List the prime factors of v.
2, 101
Let q(u) = u**3 + 17*u**2 + 3*u - 12. What are the prime factors of q(-15)?
3, 131
Let n(j) = -j**3 + 12*j**2 + 2*j + 8. Suppose 4*r = -7 + 23. What are the prime factors of n(r)?
2, 3
Let f = -70 - -141. Suppose k = -1, -f + 24 = -5*u + 2*k. What are the prime factors of u/3 + -3 - -26?
2, 13
Let t = 10 + -12. Let x be (-208)/4 + t/(-1). List the prime factors of (-30)/x - (-132)/5.
3
Suppose 5*s - y = 43 + 31, 5*s - 2*y = 73. Suppose -k - s = -27. Let g = 16 - k. List the prime factors of g.
2
Let g(s) = s**3 - 9*s**2 + 6*s - 5. Let v be g(6). Let j be 22/v - 72/(-7). Let b(x) = 7*x - 12. List the prime factors of b(j).
2, 29
Suppose -3*v = v + 2*d - 18, 0 = -d - 1. Suppose -160 = -0*s + v*s. Let f = -18 - s. List the prime factors of f.
2, 7
Let h(p) = -31*p**2 - 3*p + 4. Let a be h(4). Let s be (-8)/20 + a/(-10). List the prime factors of ((-60)/50)/((-3)/s).
2, 5
Suppose 3*r + 3*g = 0, 2*r = 2*g - 3*g. Suppose 2*d - 2*o + 6 = r, 2*d - 11 = -4*o + 13. Suppose 0 = d*z - 147 + 39. List the prime factors of z.
2, 3
Suppose 0*j - 3*j - 102 = 0. Let v be 3/(-2 + 140/68). Let o = v + j. List the prime factors of o.
17
Let x(y) = -9*y - 24. Let l be x(7). Let f = l - -171. List the prime factors of f.
2, 3, 7
What are the prime factors of (6/24*28 - 6) + 240?
241
List the prime factors of (-86 - -115)/(2/130).
5, 13, 29
Let k = -687 - -2558. What are the prime factors of k?
1871
Suppose 22*u - 51796 = -24*u. List the prime factors of u.
2, 563
Let j(t) = t - 4. Let x be j(8). Suppose 1776 = 16*d - x*d. List the prime factors of d.
2, 37
Suppose -3489 = -3*m + 3405. What are the prime factors of m?
2, 3, 383
Let h = -16 + 18. What are the prime factors of (-8)/(-16)*h*5?
5
Suppose -4*l = -f + 24, -2*l + 3*f = -l + 17. Let o(u) = -u**3 - 4*u**2 + u - 9. List the prime factors of o(l).
11
Let p be 1 + (1 - -5) - 4. Suppose 181 = 5*s + 4*q, -p*q - q - 4 = 0. What are the prime factors of s?
37
Suppose 3412 = -3*r + 3*q + 16267, 2*r + q = 8576. What are the prime factors of r?
3, 1429
What are the prime factors of (1 - 5)/(256/(-253888))?
3967
Let z = 10 + -1. Suppose -2*f = -z - 7. Suppose -82 = -10*n + f*n. What are the prime factors of n?
41
Let p = 443 - 290. Suppose o - 2*g - p = 88, -220 = -o - 5*g. List the prime factors of o.
5, 47
Suppose 14 + 16 = 5*t. What are the prime factors of (154/42)/(2/t)?
11
List the prime factors of -13 - 0 - (1 - 2839).
5, 113
Let p(y) = 2*y**3 - 24*y**2 - 30*y - 1. What are the prime factors of p(18)?
3347
Suppose g + 0*t + 3*t = 20, t = -g + 24. List the prime factors of 307 - (6/(-8) + g/(-8)).
311
Suppose -3*t = -14 - 1. Let u(b) = -b**2 + 9*b - 12. List the prime factors of u(t).
2
Let y = 7 + -3. Suppose y*p = p. Suppose -20 = -t - p. List the prime factors of t.
2, 5
Suppose -k + 4 = 2*s + 4*k, 3*s + 5*k = 1. Let d(t) be the third derivative of -7*t**4/24 + 2*t**2. What are the prime factors of d(s)?
3, 7
Let b(y) = -y**3 + 4*y**2 - 26*y - 246. List the prime factors of b(-9).
3, 347
What are the prime factors of ((-7)/3*2)/((-126)/15309)?
3, 7
Let n(i) = -i**3 + 4*i**2 + i - 4. Let p be n(6). Let f = p + 167. Suppose -5*c + 31 + f = -a, -4*a = 5*c - 113. What are the prime factors of c?
5
Suppose 11 = -4*k + 3. Let h(o) = 5*o - 15. Let v(a) = 1. Let i(x) = -h(x) - 10*v(x). What are the prime factors of i(k)?
3, 5
Let x(z) = -6*z + 6. Let p be x(5). What are the prime factors of 194/6 - p/(-18)?
31
Let p be 2 - -45 - 3 - -1. Suppose -3*x = -5*x - 3*s - p, 0 = -s - 3. Let v = 37 + x. What are the prime factors of v?
19
Let o be (5/(-2) + 3)/(4/(-96)). List the prime factors of (((-225)/12)/3)/(3/o).
5
Let v be (3 - (3 - 0)) + 5. Suppose -2*x + v*a + 205 + 145 = 0, 3*a - 674 = -4*x. What are the prime factors of x?
2, 5, 17
Suppose 2*h = q - 3*q + 3816, 0 = -2*h - 4*q + 3820. List the prime factors of h.
2, 953
Let g(a) = 14*a + 2. Let o(i) = -13*i - 1. Let d(q) = -4*g(q) - 5*o(q). Let y = 38 + -29. What are the prime factors of d(y)?
2, 3, 13
Let o be (3 + -4)*-10 - 3. Suppose 0 = 4*h + 2*i + o - 1, h = i - 3. What are the prime factors of h/(6/9) + 22?
19
Let b be (-5)/((-45)/(-2)) - 83/(-9). Suppose -b*j - 198 + 1080 = 0. What are the prime factors of j?
2, 7
Suppose -n - 2*n - 5*f = -175, 3*f - 215 = -4*n. What are the prime factors of n/20*(20 - 0)?
2, 5
Let u(o) = -o + 45. Let n(b) = b**2 + 4*b. Let m be n(-7). What are the prime factors of u(m)?
2, 3
Let r = -121 - -419. Let p = r - 93. List the prime factors of p.
5, 41
Let n(q) = -q**3 - 12*q**2 - 75*q - 16. List the prime factors of n(-11).
2, 43
What are the prime factors of 1 + (-28)/42*(-476 - -2)?
317
Suppose 2*x = 604 + 96. List the prime factors of x.
2, 5, 7
Let s(i) = 7*i**2 - 20*i + 38. What are the prime factors of s(7)?
241
Let i = -2 + 1. Suppose 4*t - 4*x = 8, -3*t + 16 - 22 = x. List the prime factors of i/t*(48 - 1).
47
Let o = 377 + -156. What are the prime factors of o?
13, 17
Let d(v) = 2*v**2 + 16*v. List the prime factors of d(8).
2
Let p be ((-17 - -3) + -1)*1. Let t = p + 69. What are the prime factors of t?
2, 3
Let v = 2124 - 1297. What are the prime factors of v?
827
Suppose -6*y - 15 = -y, -3 = -3*u - 2*y. Suppose 260 = u*n + 5. List the prime factors of n.
5, 17
Let j be (-105)/(-33) - (-2)/(-11). Let a be 6/(j + 828/(-280)). Suppose -3*t + 9 = k - 5, 5*k - a = -t. List the prime factors of k.
29
Suppose -3*b = y - 11, 0*y - b = y - 5. Let a be (183 - 2) + y - 3. Suppose 174 = 3*r + 3*q, -r + a = 2*r + q. List the prime factors of r.
61
Suppose 0 = -3*h - r - 254, 4*h = -4*r - 327 - 17. Let m = h - -153. What are the prime factors of m?
3, 23
Suppose -7*w = -367 - 4064. List the prime factors of w.
3, 211
Let h be (20/(-25))/(0 + (-6)/(-15)). List the prime factors of 73/(4/(-4) - h).
73
Let j(i) = 919*i**2 - 918*i**2 + 4*i + 18 + 2*i. List the prime factors of j(8).
2, 5, 13
Let d be (1 - 3)/2*0. Suppose 2*x - 18 - 128 = d. What are the prime factors of x?
73
Suppose 5 = -3*r + 188. Let g = r - 37. List the prime factors of g.
2, 3
Suppose 4*o - 4*i - 7268 = 0, 5*o - 9067 = 14*i - 18*i. List the prime factors of o.
3, 5, 11
Let r(z) = 2*z - 23. Let k be r(14). Suppose 3*f - 6 - 3 = 0. Suppose -f*u + 0*u = k*b - 318, 3*b - 202 = u. List the prime factors of b.
2, 3, 11
Suppose 17 = 2*s - 3. Let w = -8 + s. Let b(x) = 5*x**3 + 2*x**2 - 4*x + 3. List the prime factors of b(w).
43
Suppose 22*o - 30*o + 5840 = 0. What are the prime factors of o?
2, 5, 73
Suppose 2*d = -w + 759, -4*d + 1043 + 474 = w. List the prime factors of d.
379
Let f = 5253 - 2566. List the prime factors of f.
2687
Let p(r) = 2*r**3 + 11*r**2 - 28*r - 11. What are the prime factors of p(13)?
2, 2939
List the prime factors of 394695/360 + (-3)/8.
2, 137
Let c(i) = -i**3 + 1 - 2 - 2 + 10*i**2 - 8*i. Suppose 18*r - 56 = 11*r. What are the prime factors of c(r)?
61
Let y be (-3 - -2)*(1 - 6). Suppose -2*g - 3*u + 104 = 0, 2*g - y*g - 2*u = -161. What are the prime factors of g?
5, 11
Let a = 4265 - 2639. What are the prime factors of a?
2, 3, 271
Let g be ((-8)/3)/((-4)/6). Suppose l = g*h - 43 + 129, 5*h + 230 = 3*l. List the prime factors of l.
2, 5, 7
Suppose -o = t - 2 - 801, -1614 = -2*t + 2*o. Suppose 4*s + 20 = -0*s, 2*s - t = -5*x. List the prime factors of x.
163
Let x be (12/(-14))/(6/(-21